r(b) = b - 3*b**2 + b**3 + 6882 - 6885 + 0*b**3. Let q(d) = -11*d**2 - 1 + 4 - d**3 + 3*d**3 - 3*d**3. Let p be q(-11). Give r(p).
0
Let v(w) be the first derivative of -92 - w**2 - 1/3*w**3 + 2*w. Calculate v(2).
-6
Let j(d) be the third derivative of -d**4/12 + 2*d**2 - 1587. Let u be (-10)/15*6/4. What is j(u)?
2
Let j(o) = o**2 - 10*o + 26. Let c be j(6). Let s(u) = -4 + 0*u**c + 2 - 10*u**2 + 1. What is s(1)?
-11
Let c(x) = -x**2 - 16*x - 3. Let b be 2/((-14 - -15)*2/(-14)). Give c(b).
25
Let t(p) = 0 + 3*p + p**2 - 5 + 4*p. Suppose -17*u = -11*u - 3*n + 69, 0 = 2*n - 22. Give t(u).
-11
Let a(y) = 3*y**3 + 8*y**2 + 1. Let z(n) = 10*n**3 + 50*n**2 - n + 10. Let s(v) = 6*a(v) - z(v). What is s(2)?
54
Let t(v) = -4*v - 109. Suppose -1176 = 45*y - 3*y. Calculate t(y).
3
Let g be (-1)/((53/(-159))/((-1)/(-3))). Let y(l) = 2*l**2 + 3*l**2 + 0*l**2 - l. Determine y(g).
4
Suppose -20*m + 38*m - 972 = 0. Let d(x) = -25*x**2 + 9*x - x**3 + m*x**2 - 20*x**2 + 4. What is d(10)?
-6
Let b be (8/12)/(-2)*-9. Let i = 43 - 36. Suppose -m + b = i. Let p(k) = -k**3 - 3*k**2 + 6*k + 2. Calculate p(m).
-6
Let o(d) = d**3 + 4*d**2 - 2. Let a(v) = -14*v - 24*v + 56*v - 24*v - 39. Let u be a(-7). Suppose 0 = 2*q - 4*m - 8, 0 = u*q + 2*q - 2*m + 4. Determine o(q).
6
Let a(x) be the first derivative of x**6/360 + x**5/120 + x**4/24 - 8*x**3/3 - 106. Let w(y) be the third derivative of a(y). What is w(5)?
31
Let d = 108 + -113. Let p(a) = -2 - 1 + 0*a**3 - 877*a**2 + 882*a**2 + a**3. Determine p(d).
-3
Let k(p) be the second derivative of -p**5/60 - p**4/6 - p**3/3 - 7*p**2/2 - 89*p. Let t(r) be the first derivative of k(r). What is t(-3)?
1
Let p(a) = -3*a**2 - 7*a - 5. Let r(z) = -z**2 - 3*z - 2. Let o(q) = -3*p(q) + 7*r(q). Suppose 0 = -i - w - 4, 2*i = -3*w + 7*w + 10. Give o(i).
3
Let v = 16 - 7. Let k(r) = v*r - r**2 - 5 - r**3 + 3*r**2 - 8*r**2. Suppose -16*s = -d - 31*s - 187, 5*d + 11 = 2*s. Give k(d).
-19
Let x(h) be the third derivative of h**5/60 + 5*h**4/6 + 3*h**3 + 31*h**2 - 10*h. Calculate x(-18).
-18
Suppose -76*k - 348 = -1184. Let w(m) = 2*m**3 - 22*m**2 + 5. Calculate w(k).
5
Let x = 368 - 360. Suppose 15*t - x = 127. Let b(j) be the third derivative of -j**4/24 + 5*j**3/2 + 3*j**2. Calculate b(t).
6
Let k = -4090 + 4084. Let w(r) = r**2 + 13*r. What is w(k)?
-42
Let b(p) = -p**3 - 3*p**2 + p - 2. Let g be b(-3). Let n(s) = s**3 + 3*s**2 + 3*s - 3. What is n(g)?
-68
Let u(n) = n**3 - 4*n**2 - 6*n - 9. Let g(d) = 5*d**3 - 19*d**2 - 30*d - 46. Let o = -204 + 215. Let y(w) = o*u(w) - 2*g(w). Calculate y(7).
0
Let o(h) = -2*h**3 + h**2 - 3*h + 3. Let i = 4968 - 4965. Determine o(i).
-51
Suppose -3*r = -5*i - 56, -2*i - 9 - 19 = -4*r. Let p(j) be the first derivative of -j**3/3 - 4*j**2 - 8*j + 86. Calculate p(i).
-28
Let i be (10/8)/(11/396*9). Let y(k) = -33*k + 160. What is y(i)?
-5
Let l be (-4 + 2 + 1)/(5/25). Let f be 119/(-17) - (l + 0). Let n(v) = -2*v. Give n(f).
4
Let g(s) be the third derivative of -s**4/3 + 21*s**3/2 - 5177*s**2. Determine g(19).
-89
Let w be ((-1555)/(-20) - 5)/((-3)/12). Let y = 298 + w. Let a(x) = -x**2 + 8*x - 7. Calculate a(y).
0
Let y(v) be the first derivative of v**3/3 - v**2/2 - 4. Suppose -17*s = -19*s + 4. Let l be 9 - s/(4/40*4). What is y(l)?
12
Let n(g) = 110*g**2 - 39 + 119*g**2 - 459*g**2 + 114*g**2 + 38*g + 112*g**2. What is n(8)?
9
Suppose -31*z + 71 = 536. Let p(t) = -t**3 - 15*t**2 - t - 9. Determine p(z).
6
Let a(l) be the third derivative of 7*l**5/60 + 5*l**4/24 - l**3 + l**2 - 54*l. Let y(c) = -9*c**2 - 4*c + 8. Let q(n) = 4*a(n) + 3*y(n). Calculate q(-9).
9
Let w(p) = -p**2 + 86*p - 416. Let i be w(81). Let x(o) = -2*o**2 - 20*o + 8. Calculate x(i).
-14
Let x(u) be the third derivative of 53*u**2 + 1/2*u**3 + 1/60*u**5 - 2 + 0*u - 1/4*u**4. Calculate x(4).
-5
Let j(p) = -p - 1. Let y(c) = -3*c - 1. Let h(g) = 2*j(g) - y(g). Let m(x) = -x**2 - 3*x + 22. Let k be m(3). Calculate h(k).
3
Let w(f) = f + 4 + 1 - 1. Suppose -3*g + 4*c - 14 = 0, -8 = 2*g - 3*c - c. Let o(x) = x**2 + 2*x - 18. Let t be o(g). What is w(t)?
10
Let n be ((-80)/10 - -6)/(-2) - 19. Let m(f) = -3*f**3 - 51*f**2 + 52*f - 36. What is m(n)?
0
Let c(i) = -58*i + 16. Let o(t) = 2*t - 1. Let g(u) = -c(u) - 4*o(u). Let p(j) = -20*j + 5. Let v(z) = -5*g(z) - 12*p(z). Determine v(-2).
20
Let y(j) be the second derivative of 1/3*j**4 + 2*j - 23 - 2/3*j**3 + 3/2*j**2. Give y(2).
11
Let z = 420 + -393. Suppose -z*u + 259 = -65. Let b(t) = -t**3 + 11*t**2 + 12*t + 4. Determine b(u).
4
Let v(z) = -z**2 + 23*z + 11. Let j = -18767 - -18787. Determine v(j).
71
Let r(i) = -2 + 8*i + 6 - 20*i + 13*i. Let u = 4 + -3. Let o be 8/u - (8 - 4). Determine r(o).
8
Let u(y) be the third derivative of -y**5/60 - 17*y**3/6 + 2*y**2. Let m = -387 - -387. What is u(m)?
-17
Suppose -5*z - 380 = -q, 2*z - 1264 = -3*q - 56. Let r = 402 - q. Let h(u) be the first derivative of u**4/2 - u**3 + u**2 - 3*u + 1. Calculate h(r).
5
Let t(g) = 4*g. Let j(a) be the second derivative of -7*a**3/6 - 5*a. Let p(y) = -3*j(y) - 5*t(y). Let l(m) = -m**2 + 36*m - 123. Let f be l(32). What is p(f)?
5
Let u(r) = -r**2 - 34*r - 67. Suppose -85*p - 66*p = 157*p + 9856. What is u(p)?
-3
Let o(f) be the second derivative of -28*f + 0 + 1/3*f**3 - 13/2*f**2. Determine o(9).
5
Suppose -3*y - 12 = 0, -104*i + 5*y + 20 = -103*i. Let q(j) = 17 - j - 5 + 0. Determine q(i).
12
Let x = 42 + -40. Let c(k) = 2 + k**x + 0*k**3 - 6*k**3 - 3 + 0. Give c(-1).
6
Let r(z) be the third derivative of z**7/5040 + z**6/90 + z**5/20 + z**4/2 + 3*z**2 - 21. Let a(l) be the third derivative of r(l). Give a(-4).
4
Let b(k) = -40*k**3 + 2*k - 1. Suppose 5*l - 4 = -11*x + 7*x, 3*x = -2*l + 3. Calculate b(x).
-39
Let h(w) = 13*w**2 - 15*w**2 - w**2 + 1 + 2*w. Let o be (-6 + 3 - -2) + 0. Determine h(o).
-4
Let c(i) = 20*i - 2*i - 10*i - 5 - 9*i - 3*i. Let m = 31 - 19. Suppose m = w - 4*w. Determine c(w).
11
Let x(d) = -2*d**2 - 6*d - 3. Suppose -2 + 1 = a. Let g be 1 - 3 - a - -2. Suppose 0 = -2*j - 0*j - 5*u - 13, 0 = u + g. Give x(j).
-11
Let g(b) = -2*b**2 - 5 + 5 + 1 - b. Let i be (-1890)/1080 - 1/4. What is g(i)?
-5
Suppose -128*p - 55*p - 145*p - 2296 = 0. Suppose -v = 2*a + 3*v + 4, 4*v = 2*a - 12. Let j(t) = -t**a - 3 - 7*t - t + 2 - 3. What is j(p)?
3
Let n(b) = 2*b - 6*b + 147 - 8*b - 6*b - b. What is n(8)?
-5
Let b(o) be the first derivative of -2*o**3 - o**2 - 2*o - 3569. Calculate b(4).
-106
Let n(y) = y**2 + 7*y - 4. Let c = 3490 - 3496. Give n(c).
-10
Let u(q) be the first derivative of q**6/360 + 7*q**5/60 + q**4/4 + q**3/3 + 31*q**2/2 - 88. Let r(f) be the third derivative of u(f). What is r(-13)?
-7
Let t(s) = -75*s + 11630. Let p be t(155). Let d(k) = k**2 + 2*k - 7. Give d(p).
28
Let k be (9/5)/((11/(-110))/(1/(-2))). Let z(t) = -t**2 + 4*t + 53. Determine z(k).
8
Let h(u) = -3*u**2 + 47*u - 68. Let k be (2/(-3) - -1)/((-301)/(-294) - 1). Calculate h(k).
2
Let i be -25*(321/63 - (-24)/(-252)). Let d = -129 - i. Let j(y) = -y - 5. What is j(d)?
-1
Suppose -5*w + 28 = -3*w. Let h be 4/(-14)*(-7 + w). Let t be h + (-3 - (4 + -4)). Let b(v) = -v**2 - 6*v - 4. Determine b(t).
1
Suppose 3*v - 14*v = -858. Let s = v - 72. Suppose -4*g + s = -g. Let f(k) = -k - 1. Determine f(g).
-3
Let k(a) = -3*a**3 + a**2. Suppose -5*l + 10 = 3*j, -5*j - 2*l + 27 - 4 = 0. Let b be (-47)/j - (-9)/(90/4). Let c = b - -10. Determine k(c).
-2
Let b(l) = -l + 31. Let f(y) be the third derivative of y**6/120 - 3*y**5/20 - 17*y**4/12 - 11*y**3/6 + 25*y**2 - y. Let s be f(12). Determine b(s).
18
Let w(v) = 7*v + 115. Let n(q) = -8*q - 134. Let i(x) = -6*n(x) - 7*w(x). Let p be -1*4/(8/(-6)). Determine i(p).
-4
Let i(g) be the third derivative of -g**6/120 - g**5/10 - g**4/6 + g**3/2 - g**2. Suppose 107*l - 457*l - 1434 = 316. What is i(l)?
-2
Let b(s) = s**2 + 4*s + 5. Let x(w) = 6*w**2 - 3*w - 7. Let c be x(-2). Suppose 0 = -6*m + c*m + 68. Determine b(m).
5
Let j(i) be the second derivative of -i**5/10 + 13*i**4/12 + 5*i**3/6 - 3*i**2/2 + 10*i + 81. Determine j(7).
-17
Let k(v) = -3*v - 3. Let b be k(-3). Let d(m) = 3*m**2 + 4*m - 8. Let x(q) = 5*q**2 + 3*q - 10. Let o(n) = 3*d(n) - 2*x(n). Calculate o(b).
-4
Let x(q) = q**2 - 43*q + 86. Let t = 23796 - 23755. Calculate x(t).
4
Let x(n) be the second derivative 